191*y - 2 - l. Give d(7).
11
Let a = 9 + -15. Let j(p) = 9*p + 15. Let u(f) be the first derivative of -5*f**2 - 16*f - 82. Let s(m) = a*u(m) - 7*j(m). What is s(-6)?
9
Let y be -11 + 5/(10/(-4)) - 1. Let n(b) = b**2 + 20*b + 5. Calculate n(y).
-79
Let v(c) = 7*c**3 - 20*c**2 + 18*c + 25. Let k(y) = -20*y**3 + 59*y**2 - 53*y - 74. Let g(d) = 6*k(d) + 17*v(d). Let t = 185830 - 185817. Give g(t).
-6
Suppose -6*c = -9*c - 15. Let x be 12/30 - (-1 + (-312)/c). Let z = x - -66. Let r(j) = -j**2 + 2*j + 6. Give r(z).
-9
Let o be 19/19 + (1 - 2). Suppose -4*f + 6 = 2. Let d(i) = 5 - 22 + f + i**2. Calculate d(o).
-16
Let y(a) = 6*a - 1. Let f = -522 - -523. Let b(q) = 2*q**2 - 7*q + 8. Let c be b(f). Give y(c).
17
Suppose -335 - 70 = -81*q. Let y(j) = -j**3 + 4*j**2 + 10*j - 6. Give y(q).
19
Let n(i) = i**3 + 181 + 6*i**2 - 73 - 98 + 11*i. Give n(-3).
4
Let y = -2 - -2. Let g(n) = -n + 0 + y. Let z be 16/48*(-15)/(-20)*12. Give g(z).
-3
Let v = 84 - 78. Let c(l) = -l + 0*l + v - 1 + 2. Give c(-6).
13
Let q(i) be the third derivative of 0*i + 1/60*i**5 - 1/8*i**4 - 1/120*i**6 + 63*i**2 + 1/3*i**3 + 0. Give q(2).
-8
Let l(k) = -2*k**2 - 11*k + 3. Suppose -289 = -12*u - 5*u. Suppose -4*y - 8 = 0, -u*y = 5*o - 19*y + 36. Determine l(o).
-37
Let r(w) = w**3 + 4*w - 6. Let a be (-37)/407 + 2/22. Let s be r(a). Let m(x) = x + 6. Calculate m(s).
0
Suppose 4*s = 4 - 20. Let c(a) = 13*a**2 - 36*a. Let b(t) = 0*t**2 + 2*t - 4*t + 2*t - 3*t**2 + 8*t. Let i(p) = -9*b(p) - 2*c(p). Give i(s).
16
Let y(i) = -14*i**2 - 6*i + 7. Let w(b) = 151*b - 145*b - 7 + 11*b**2 + 6*b**2. Let n(z) = -5*w(z) - 6*y(z). Determine n(6).
-7
Suppose -2*k = -3*k. Suppose -g + 7 = -k*g. Let v(w) = -8 - 5*w - 79*w**2 + 1 + 80*w**2 + 1. What is v(g)?
8
Let z(s) = -4*s - 3. Let u(k) = 87*k + 2700. Let r be u(-31). What is z(r)?
-15
Let c(s) be the third derivative of 18*s**2 + 0 + 1/2*s**3 + 0*s + 1/12*s**4. Let d(z) = z - 2. Let u be d(-4). Determine c(u).
-9
Let k(c) = -210 + 648 + c - 217 - 210. What is k(-10)?
1
Let u(y) = -6*y - 66. Let b be (-12)/(-32)*240/45. Let s(k) = -k - 12. Let q(h) = b*u(h) - 11*s(h). Give q(-6).
6
Let g(u) be the first derivative of -3/2*u**2 - u + 1/3*u**3 + 98. Give g(4).
3
Let l be (-8 - 41)/(-7) - (-27)/(-2 + 5). Let g(v) = 5*v**2 - 78*v - 34. Calculate g(l).
-2
Let w(h) = -4*h - 2. Let y be w(-2). Let k be (9 - 6)*22/y. Let s(t) = 20 - 8 - 13*t - k. Calculate s(1).
-12
Let q be (-13)/5 + -1 + 40/(-100). Let s(v) be the third derivative of -v**5/60 - v**4/8 + 13*v**2. Let k(a) = 1. Let h(p) = 4*k(p) + s(p). Calculate h(q).
0
Let q(k) be the first derivative of 2*k**2 - 7*k + 1 + 1/4*k**4 + 7/3*k**3. Suppose 20 - 239 = 58*h + 71. Give q(h).
23
Let j(s) = 5*s**3 - 5*s**2 - 20*s + 5. Let c(o) = 6*o**3 - 6*o**2 - 24*o + 6. Let d(w) = 6*c(w) - 7*j(w). What is d(-3)?
-23
Suppose 78 + 36 = 38*q. Suppose q*u - 10 = -3*t + 5, 33 = 3*u - 3*t. Let d(n) = -2*n + 4. Determine d(u).
-12
Let q(u) = 33*u + 195. Let w be q(-6). Let b be (15/(-15))/(1/w). Let g(d) = d**3 - 2*d**2 - 2*d - 2. Calculate g(b).
1
Let d(n) be the second derivative of n**3/2 + 71*n**2/2 + 9288*n. Determine d(-15).
26
Let z(b) = 13*b - 1. Let h(a) = 2 + 5*a + 3*a**2 - 2*a**2 + a + 4. Let t be h(-6). Suppose 6*u = -0*u - t. Calculate z(u).
-14
Suppose 0 = -8*d + 9*d - 5. Let z(x) = d + 0*x - x + 0*x - 2*x. Calculate z(-5).
20
Let a = 101 + -24. Suppose a = -13*k + 38. Let g(c) = c + 3. Give g(k).
0
Let g(i) = -3*i**2 - i - 1. Let t(j) = 8*j**2 + 5*j - 26. Let d(u) = 3*g(u) + t(u). What is d(0)?
-29
Let w(g) = 3*g**2 - 2*g - 2*g + 3*g + 0*g**2. Let f = 33 - 40. Let z be (4/14)/((-2)/f). Give w(z).
2
Let y be 3/((-231)/(-14)) + 13/(-11). Let a be (-3 - y)*(-30)/60. Let d(v) = 20*v - 1. Give d(a).
19
Suppose -2*q = -4*m + 34, 84*m - 7 = 2*q + 89*m. Let t(x) = -x**3 - 18*x**2 - 79*x - 20. Give t(q).
2
Suppose -366 = -15*o - 51. Let h(m) = 22*m + 25*m**2 - 15*m**2 - 11*m**2 - 21. Let u be h(o). Let r(a) = -a**3 - a**2 + 16. Calculate r(u).
16
Let u(v) = -v**2 - 4*v + 2. Let h(l) = -2*l. Let z(r) = r**2 + 21*r + 14. Let a(k) = -5*h(k) - z(k). Let x be a(-10). Determine u(x).
2
Let j be (-9)/(((-10)/4)/(-5) + 1). Let t(u) = 2*u**2 + 9*u - 10. Let w be t(j). Let o(d) = 3 + w*d - 21*d + 11*d - 1. Give o(6).
-10
Suppose 3*k = 34 + 29. Suppose k = -5*p - j + 1, -j = p. Let u(t) = -t**3 - 4*t**2 + 4*t. Let b be u(p). Let x(m) = -4*m + 6. Give x(b).
-14
Let i = 43 + -36. Let v(y) = y - 6. Let p(a) = -a + 14. Let k(z) = -p(z) - 2*v(z). Determine k(i).
-9
Let p(i) = -i**3 - 4*i**2 + 1. Let n = -159 - -208. Suppose -n = 3*o - 37. What is p(o)?
1
Let d(t) = 5*t**2 + 10*t - 1. Let n(o) = -3*o**2 + o - 3. Let q(b) = -d(b) - 2*n(b). Suppose -5*x + 21 = 3*f - 24, -2*x = -3*f + 24. Determine q(f).
-13
Let a(c) be the first derivative of c**3/3 + 3*c**2 + 5*c + 1164. Let b be (2/(-4) + 2)*-6. Let d be 3/(b/12) - 1. Determine a(d).
0
Suppose -2*b - 3*d + 813 = -344, b - d = 576. Let f(n) = -1 - 584*n + 0 + b*n. Let w(t) = -t**3 + 3*t**2 - 4*t + 3. Let k be w(2). Determine f(k).
6
Let k(y) = -y**3 - 5*y**2 - 2*y - 1. Let b(l) = l**2 - 4*l - 2 + 2*l**2 + 1 - 5*l**2 + 3*l**2. Let t be b(2). What is k(t)?
9
Suppose 0 = 3*r - 4*u + 80, -2*r - 5*u = -214 + 252. Let m(k) = k**2 + 21*k - 23. Calculate m(r).
49
Let d(k) = -5*k**2 - 16 - 2*k + 30 - 13 + 3*k. Suppose -5*w + 3*c = -18, -2*c - c + 3 = 2*w. Suppose -5*o = -13 + w. What is d(o)?
-17
Let t = 24961/199560 + -2/24945. Let x(v) be the third derivative of -4/3*v**3 + 1/120*v**6 + 4*v**2 + 0 + 0*v - t*v**4 + 1/10*v**5. Give x(-6).
10
Let m(a) be the third derivative of -13*a**4/24 - 47*a**3/3 - 25*a**2 - 50. Calculate m(-6).
-16
Let u(j) = 19 + 7*j - j**3 - 33 + 4*j**2 - 3*j - 2*j + 18. What is u(5)?
-11
Let x(y) = y**2 + y - 6. Suppose q - 5*p + 5 = -35, 0 = 2*q - 4*p + 62. Let s be -2 + 1 - q/(-5). Determine x(s).
24
Let v(q) be the first derivative of 14*q**3/3 - q**2 - q + 1820. What is v(2)?
51
Suppose 4*k + 5*j - 60 = -13, -3*k + j + 2 = 0. Let x(w) = w**3 - 3*w**2 - w - 4. What is x(k)?
-7
Suppose 0 = -39*j + 187 + 593. Let x(l) = -l**2 + 21*l - 3. Determine x(j).
17
Let l(h) be the third derivative of 0 + 41*h**2 + h**3 + 1/24*h**4 + 0*h. What is l(10)?
16
Let p(q) = 267*q + 643. Let w(j) = -171*j - 321. Let a(x) = 3*p(x) + 5*w(x). What is a(6)?
0
Let c(p) = -p**3 - p**2 + p + 1. Let k be c(-2). Let u be ((-36)/(-9) - 10) + 8. Let h(f) = -11 + f**3 + 0 + 5*f + 8 - 5*f**u. Calculate h(k).
-6
Let b(h) = 6487 + 6474 - 7*h - 12937. Calculate b(3).
3
Let i(y) = -y - 1. Let u = 15 - 15. Suppose u = 5*o - 72 - 53. Suppose 27*m - 32*m + o = 0. Determine i(m).
-6
Let v(p) = p**2 + 7*p - 6. Suppose 0 = 5*f + 5*w + 60, -5*w + 342 - 352 = -5*f. What is v(f)?
-16
Let h(y) be the second derivative of y**5/120 - y**4/2 - 33*y**3/2 + 57*y + 2. Let b(d) be the second derivative of h(d). What is b(0)?
-12
Let b(t) = 4*t + 1. Let u(d) = 14*d - 27. Let g(n) = -4*b(n) + u(n). Give g(-15).
-1
Let f = -40 + 48. Let c(k) = 5*k + 20. Let i be c(f). Let w = i - 60. Let s(u) = -u + 3. Give s(w).
3
Suppose -28*p + 138 = -2. Suppose -3*z + 15 = 3*c, p*z - c - 7 - 6 = 0. Let k(s) = 4*s - 6. What is k(z)?
6
Let x(b) = 2*b**2 - 2*b - 4. Let k(j) = j**2 + 41*j + 185. Let t be k(-36). What is x(t)?
36
Let i(x) = x**3 - 6*x**2 + 3*x + 3. Let q(f) = 2*f + 46. Let a be q(-27). Let t be (5 - 2 - 1)/(a/(-20)). Determine i(t).
-7
Let u(w) be the first derivative of -3*w**2/2 - 3*w - 77. Suppose 8*p = 262 + 458. Let n be 3*(-96)/p + (-1)/(-5). Give u(n).
6
Suppose -5255*q + 5251*q = 0. Let u(g) = -2*g**2 - 4*g - 11. Calculate u(q).
-11
Suppose -4*v = -8*v + 20. Let n be (-15 - -13)/((-2)/v). Suppose -n*o - 5*p = -0*p + 55, o + 2*p + 13 = 0. Let g(t) = -t**2 - 9*t + 4. What is g(o)?
4
Let i(t) be the third derivative of t**4/8 - 7*t**3/3 + 48*t**2 - 10. Determine i(-7).
-35
Let k(b) = -4*b**3 + b**2 + b - 1. Let x(t) = -5*t**3 + 49*t**2 + 17*t - 71. Let c be x(10). Calculate k(c).
3
Let c(g) = 1. Let q(k) = k - 6. Let u(h) = -5*c(h) - q(h). Let o(w) = -w**3 + 9*w**2 - 5*w - 12. Let s be o(8). Suppose x - s = 4*x. Determine u(x).
5
Let y(b) = -2*b**2 - 1. Suppose 5*c = 7*c - 3*a + 2, 4*a = 0. Let h(u) be the first derivative of -u**2 - 3*u - 4. Let z be h(c). What is y(z)?
-3
Let w(s) = s**3 - 8*s**2 + 2*s